(-30). Calculate the greatest common divisor of y and 12.
12
Let f be (-3)/9*(-21 + 0). Suppose 42*b - 196 = 35*b. Calculate the highest common factor of b and f.
7
Suppose -8*x + 5*x = -180. Calculate the greatest common divisor of 60 and x.
60
Let x = -1633 + 1835. What is the greatest common factor of x and 303?
101
Suppose -392 = -3*r - 8. Calculate the highest common factor of 48 and r.
16
Let u = 32 - -41. Let q = u + -33. What is the highest common factor of 5 and q?
5
Suppose -4*y = 9*u - 13*u + 96, 0 = 3*u - 4*y - 75. What is the greatest common factor of u and 336?
21
Let g be (4/6)/(2/6). Suppose -g - 5 = -j. Calculate the greatest common divisor of j and 7.
7
Suppose -2*y - 2*c + 138 = -6*c, 4*c = -3*y + 207. Calculate the highest common factor of y and 230.
23
Suppose -399 = -4*s - 327. What is the highest common divisor of s and 297?
9
Let n(b) = 15*b. Let j be n(1). Suppose j + 81 = 4*w. Let m be (8/w)/(1/33). Calculate the highest common divisor of 88 and m.
11
Let m(v) = -v**3 + 5*v**2 - 3*v - 2. Let i be m(4). Let d = 161 + -155. Calculate the greatest common divisor of i and d.
2
Suppose 0 = f - 3*c - 19, f - 5*f + 76 = 3*c. Suppose -171 = -0*n - n. What is the greatest common divisor of n and f?
19
Let u be 14/(9/(45/2)). Let f be 202/10 + (-7)/u. Let t = f + -10. Calculate the greatest common divisor of 10 and t.
10
Suppose 5*f - 33 = -93. Let h be -4 - (f - (1 + -4)). Suppose -h*w = -38 - 82. What is the highest common divisor of 60 and w?
12
Suppose 4 + 8 = 3*z. Let f = z + 0. Suppose -16*w - 8 = -20*w. Calculate the highest common factor of f and w.
2
Let a = -1480 - -1697. Calculate the highest common divisor of a and 93.
31
Let i = 33 - -287. Calculate the greatest common factor of i and 240.
80
Let j(b) = -b**3 - 3*b**2 - 2*b - 3. Let o be j(-2). Let c be 0/((-2)/((-6)/o)). Suppose c = 5*w - 29 - 11. What is the highest common divisor of 32 and w?
8
Suppose -4*i - f = -199, -48 + 201 = 3*i - 3*f. Let q = 56 - i. What is the greatest common factor of q and 9?
3
Let n be 2*1 - 0/(-13). Suppose -2*k + 14 = -2*i, 3*i = 4*i - n*k + 5. Let u = -4 - i. Calculate the highest common divisor of u and 10.
5
Let b = -2519 + 3071. What is the highest common factor of b and 48?
24
Let k(s) = s**2 + 10*s + 12. Suppose 3*i + 15 = f - 15, 5*f - 42 = 3*i. Let g be k(i). Suppose -1 = -w + g. What is the greatest common divisor of 4 and w?
4
Suppose -5*a + 0*o - 3 = -4*o, 5 = -3*a + 4*o. Let p(i) = i**3 + i + 12 - i**2 - 12. Let k be p(a). What is the greatest common divisor of k and 5?
1
Let v = 12 + 278. Let i be (4/(-22) - v/220)*-12. What is the greatest common divisor of 63 and i?
9
Let i(n) = 1 - 22 - 7*n + 8*n. Let c be i(12). Let u be 39/c*(-2 - 1). Calculate the greatest common factor of 65 and u.
13
Suppose -1822 + 9669 = 59*z. Calculate the greatest common divisor of 171 and z.
19
Let l = 108 + -120. Let q = 36 + l. Calculate the highest common factor of q and 16.
8
Let z be (14/(-1))/((-144)/864). What is the greatest common factor of 714 and z?
42
Let b be ((-25)/((-275)/(-6996)))/(-2). What is the highest common factor of b and 212?
106
Let a(u) = 7*u**2 - 7*u - 13. Let d be a(-2). Let b(k) = 3*k**2 + 4*k - 7. Let g be b(-5). Let t = 68 + g. What is the highest common factor of d and t?
29
Let h = -584 + 989. Calculate the greatest common divisor of 243 and h.
81
Suppose -47 = 4*c - 479. Let x = 52 - 40. Calculate the highest common divisor of c and x.
12
Suppose 5*g + 18 - 178 = 0. What is the highest common factor of 208 and g?
16
Suppose -2*v + 4*v = -3*z + 125, -4*v + 255 = z. Suppose -5*i = -v + 219. Let r = 2 - i. Calculate the highest common factor of 11 and r.
11
Suppose -4*a - 72 = 52. Let z = 103 + -58. Let y = z + a. Calculate the greatest common factor of y and 56.
14
Suppose -37*k + 60*k = 805. What is the highest common divisor of 560 and k?
35
Let t = 1772 - 1700. What is the highest common divisor of t and 276?
12
Let t be 1920/72 + 20/15. Calculate the greatest common factor of t and 161.
7
Let w(o) = 2*o - 3*o + 22 - 8 - o. Let z be w(-10). Let l = -15 + z. Calculate the greatest common factor of 19 and l.
19
Suppose -3*l + 2*j = 2*l + 489, -487 = 5*l - j. Let z = 103 + l. What is the highest common divisor of z and 66?
6
Let p(c) = c**2 - 3*c + 4. Let s be p(6). Suppose -5*w = 23 - 298. Calculate the highest common divisor of s and w.
11
Let c(z) = -z**2 + 4*z - 6. Suppose -5*l + 13 = -7. Let p be c(l). Let n be p/(-10) + (-102)/(-30). What is the highest common factor of 12 and n?
4
Let t be (-10101)/(-12) + (-1)/(-4). Let n = 427 - t. Let o be 2/12 - n/30. Calculate the highest common divisor of 14 and o.
14
Suppose -2*w + 46 = -3*w. Let a(o) = -o**3 + 33*o**2 - 98*o + 149. Let m be a(30). Let t = w - m. Calculate the highest common factor of 5 and t.
5
Let z be ((-4)/20*4 - -2)*5. What is the greatest common factor of 222 and z?
6
Let n be 1/2*(1 - 1). Suppose n = 5*o - 20. Suppose 17 = o*r - 15. What is the highest common divisor of r and 12?
4
Suppose 3*b - 1353 = -5*m + 4622, 3*m + 7986 = 4*b. What is the greatest common factor of b and 210?
105
Suppose 0 = 3*m - 9, -4*b - 3*m = -11 - 18. Let n be 2 + b/((-5)/(-106)). Calculate the highest common factor of n and 12.
12
Let w(k) = -4*k**2 + 369. Let a be w(0). What is the greatest common divisor of 9 and a?
9
Let m be 36/(-60) - 56/(-10). Let u = m + 17. What is the highest common divisor of 88 and u?
22
Let o be (-3)/(-12) - (2 - 398/8). What is the highest common factor of 64 and o?
16
Suppose 0*s + 2*s = 4. Let p(m) = 36*m**2 + m - 2. Let l be p(s). Let y(b) = 7*b - 3. Let i be y(3). Calculate the greatest common factor of l and i.
18
Let d be 1/(-1*(-2)/10). Let q = -578 - -583. Suppose -4*n = t - 14, d*n - 4 = q*t + 1. What is the highest common divisor of 9 and n?
3
Suppose 5*n = -2*u + 168, 202 = 3*u + n - 50. What is the greatest common factor of u and 112?
28
Let z = 569 - 558. What is the highest common factor of 4 and z?
1
Let f(g) = 2*g**3 - 3*g**2 - 15*g + 8. Let t be f(4). What is the greatest common factor of t and 644?
28
Let d be -5490 + (-4 - -4) - 1. Let j be d/(-136) + 2/((-32)/6). Calculate the greatest common factor of 40 and j.
40
Let o(k) = k + 14. Let v be o(0). Let w(h) = h**2 - 2*h - 3. Let d be w(-2). Suppose -3*i + d*i - 56 = 0. Calculate the highest common divisor of i and v.
14
Let p(y) = -y**2 + y + 2. Let z be p(0). Suppose z*t = -0*t + 14. Let c = 114 + -79. Calculate the highest common factor of t and c.
7
Let a(o) = o**3 + 11*o**2 - 3*o - 7. Let s be a(-11). Let t = s - 2. Calculate the highest common divisor of t and 192.
24
Let u be (-247)/(-26)*50*1. What is the greatest common factor of 25 and u?
25
Suppose -6*o = 220 - 550. Suppose 89*i - 90*i = -11. Calculate the highest common divisor of i and o.
11
Let i = 41 + -5. Let g(y) = 2*y**2 + 5*y + 5. Let a be g(-5). Suppose 2*m - a = 6. Calculate the highest common divisor of i and m.
18
Let c be -3*1280/(-15) + -8. What is the highest common factor of 434 and c?
62
Suppose -13011 = -23*x + 5780. What is the highest common divisor of 19 and x?
19
Let t(k) = -4 + 18*k + 3 + 4 - 51*k. Let n be t(-1). Calculate the greatest common divisor of n and 24.
12
Suppose 5*s = 216 + 9. Suppose -2*y - 15 = -s. What is the highest common factor of 9 and y?
3
Let w = -32 - -35. Suppose -u + 4*u - 27 = w*k, 39 = 5*u - 3*k. Suppose -3*v + u*v - 66 = 0. Calculate the highest common factor of v and 33.
11
Let q(u) = -u**3 - 10*u**2 + 9*u - 14. Let y be q(-9). Let l be 21/(-4)*y/6. What is the highest common divisor of l and 14?
14
Let x = -6 - -16. Suppose -785 = -x*f + 5*f. Let b = -109 + f. What is the greatest common divisor of 72 and b?
24
Let v = -11 - -15. Suppose 0 = v*w - 8*w + 44. What is the highest common factor of 11 and w?
11
Let l be 1/(((-9)/(-75))/((-12)/(-10))). What is the highest common divisor of l and 14?
2
Suppose 5*s + 507 = 2*s. Let j = s + 334. Suppose 5*z = -5*g + 65, -4*z + 4*g + 46 + 22 = 0. Calculate the highest common factor of j and z.
15
Let y be 2 - (-1 + (-1)/(-1)). Suppose -y*n + 10 + 2 = 0. Suppose -9*c + 15*c = 54. What is the highest common divisor of c and n?
3
Let r(f) = 11*f - 8. Let n(k) = 5*k + 24. Let b be n(-4). Let u be r(b). Let p